s divided by 585.
292
Calculate the remainder when 500960 is divided by 996.
968
What is the remainder when 1580894 is divided by 1556?
1554
What is the remainder when 6284964 is divided by 3142473?
18
What is the remainder when 19116750 is divided by 44875?
0
Calculate the remainder when 31638 is divided by 586.
580
What is the remainder when 1100058 is divided by 4314?
4302
Calculate the remainder when 9226940 is divided by 75.
65
What is the remainder when 86005706 is divided by 1266?
1262
What is the remainder when 1188287 is divided by 13503?
23
What is the remainder when 521352 is divided by 27?
9
Calculate the remainder when 264310457 is divided by 34.
33
What is the remainder when 28605709 is divided by 8?
5
Calculate the remainder when 3209287 is divided by 100.
87
Calculate the remainder when 29436 is divided by 9508.
912
Calculate the remainder when 2910785 is divided by 10.
5
Calculate the remainder when 13742883 is divided by 139.
92
Calculate the remainder when 3117822 is divided by 3256.
1830
Calculate the remainder when 54689 is divided by 25821.
3047
Calculate the remainder when 1035597 is divided by 712.
349
Calculate the remainder when 1281806 is divided by 28478.
296
Calculate the remainder when 3193347 is divided by 151.
150
Calculate the remainder when 34409784 is divided by 97.
4
Calculate the remainder when 11101468 is divided by 1208.
1156
What is the remainder when 10180484 is divided by 1018043?
54
What is the remainder when 935142 is divided by 467484?
174
Calculate the remainder when 1216219 is divided by 71542.
5
Calculate the remainder when 853149 is divided by 76.
49
Calculate the remainder when 18029945 is divided by 1332.
1325
What is the remainder when 245356 is divided by 80717?
3205
Calculate the remainder when 492819 is divided by 134.
101
What is the remainder when 227560 is divided by 27?
4
Calculate the remainder when 34885 is divided by 17051.
783
What is the remainder when 11403 is divided by 56?
35
Calculate the remainder when 1258204247 is divided by 21.
20
Calculate the remainder when 4004634 is divided by 1334856.
66
What is the remainder when 119890 is divided by 17023?
729
What is the remainder when 2012524 is divided by 61?
12
Calculate the remainder when 8314598 is divided by 117.
110
What is the remainder when 193677 is divided by 56?
29
What is the remainder when 1729146 is divided by 26?
16
What is the remainder when 114364 is divided by 1088?
124
What is the remainder when 281459870 is divided by 153?
152
Calculate the remainder when 1667735 is divided by 2734.
2729
What is the remainder when 56187780 is divided by 8026823?
19
Calculate the remainder when 18817 is divided by 17232.
1585
What is the remainder when 8333722 is divided by 231492?
10
Calculate the remainder when 38742 is divided by 19365.
12
Calculate the remainder when 10629369 is divided by 1406.
9
Calculate the remainder when 26562646 is divided by 51.
10
Calculate the remainder when 4350453 is divided by 132.
129
What is the remainder when 158227 is divided by 52742?
1
What is the remainder when 5804016 is divided by 14546?
162
Calculate the remainder when 1354387 is divided by 743.
641
Calculate the remainder when 9595945 is divided by 2275.
2270
What is the remainder when 181214 is divided by 270?
44
What is the remainder when 439438 is divided by 2886?
766
Calculate the remainder when 326668049 is divided by 18.
17
Calculate the remainder when 741821 is divided by 741024.
797
Calculate the remainder when 1883828 is divided by 538.
290
What is the remainder when 1444307 is divided by 1163?
1024
What is the remainder when 287859927 is divided by 15?
12
Calculate the remainder when 6158736 is divided by 25.
11
Calculate the remainder when 765011 is divided by 76495.
61
Calculate the remainder when 52380645 is divided by 6936.
6909
Calculate the remainder when 44356257 is divided by 438.
435
Calculate the remainder when 14663244 is divided by 2725.
19
What is the remainder when 32384 is divided by 10649?
437
Calculate the remainder when 10847945 is divided by 60.
5
Calculate the remainder when 40735 is divided by 688.
143
Calculate the remainder when 1867601 is divided by 2291.
436
What is the remainder when 105939 is divided by 35241?
216
What is the remainder when 24917728 is divided by 24917718?
10
Calculate the remainder when 2816783 is divided by 744.
743
What is the remainder when 15155338 is divided by 1377753?
55
What is the remainder when 2073944 is divided by 58?
38
What is the remainder when 1467383 is divided by 114?
89
What is the remainder when 1001545 is divided by 36?
25
Calculate the remainder when 1182702 is divided by 590566.
1570
Calculate the remainder when 1183792561 is divided by 316.
313
Calculate the remainder when 6561070 is divided by 127.
123
What is the remainder when 4218050 is divided by 14495?
5
What is the remainder when 51749637 is divided by 2944?
5
Calculate the remainder when 242846 is divided by 232137.
10709
Calculate the remainder when 1216549 is divided by 290.
289
Calculate the remainder when 80203 is divided by 26240.
1483
What is the remainder when 292672 is divided by 147?
142
What is the remainder when 5975839 is divided by 10633?
93
What is the remainder when 1204966 is divided by 1969?
1907
What is the remainder when 27448 is divided by 3360?
568
Calculate the remainder when 20551125 is divided by 94.
93
Calculate the remainder when 87157 is divided by 86574.
583
Calculate the remainder when 652302193 is divided by 15.
13
Calculate the remainder when 22364 is divided by 10090.
2184
Calculate the remainder when 3264124 is divided by 96.
28
Calculate the remainder when 480999 is divided by 145.
34
What is the remainder when 264178 is divided by 22?
2
Calculate the remainder when 827526 is divided by 15912.
102
What is the remainder when 784237 is divided by 38908?
6077
Calculate the remainder when 4163402 is divided by 1387753.
143
Calculate the remainder when 336796 is divided by 633.
40
What is the remainder when 281579737 is divided by 429?
10
Calculate the remainder when 272659 is divided by 4700.
59
Calculate the remainder when 205217 is divided by 2973.
80
What is the remainder when 57988 is divided by 808?
620
What is the remainder when 642285 is divided by 110?
105
Calculate the remainder when 23675 is divided by 23284.
391
What is the remainder when 190942 is divided by 6801?
514
Calculate the remainder when 462452 is divided by 115607.
24
What is the remainder when 15196 is divided by 6677?
1842
What is the remainder when 2231902 is divided by 247984?
46
What is the remainder when 7961701 is divided by 30979?
98
Calculate the remainder when 95144 is divided by 11780.
904
Calculate the remainder when 380635290 is divided by 1966.
1962
Calculate the remainder when 4066371 is divided by 1044.
1035
What is the remainder when 180337 is divided by 60014?
295
Calculate the remainder when 8401444 is divided by 4760.
44
Calculate the remainder when 558603 is divided by 9656.
8211
What is the remainder when 592327 is divided by 301?
260
Calculate the remainder when 1033843 is divided by 96.
19
What is the remainder when 359437 is divided by 1432?
5
Calculate the remainder when 2249725 is divided by 709.
68
What is the remainder when 513489 is divided by 743?
76
What is the remainder when 30314 is divided by 481?
11
Calculate the remainder when 577550 is divided by 288753.
44
What is the remainder when 315781 is divided by 5633?
333
Calculate the remainder when 1623712 is divided by 30.
22
What is the remainder when 5501022 is divided by 486?
474
What is the remainder when 11110348 is divided by 444412?
48
Calculate the remainder when 27757689 is divided by 4256.
57
What is the remainder when 9053557 is divided by 823050?
7
Calculate the remainder when 9927402 is divided by 1142.
1138
Calculate the remainder when 15799999 is divided by 619.
24
Calculate the remainder when 416229 is divided by 15.
9
Calculate the remainder when 115686 is divided by 149.
62
Calculate the remainder when 2191048 is divided by 3743.
1393
What is the remainder when 51904 is divided by 25806?
292
What is the remainder when 1628859 is divided by 2072?
267
Calculate the remainder when 59798265 is divi